6. List the prime factors of 464 + 15/x*4.
467
Suppose 4*a = 2*a + 16. Suppose -4*q + 4 - a = w, 5*q - 40 = -5*w. List the prime factors of (-105)/w*20/(-5).
5, 7
Let g = 2662 - 1212. Let u = g - 30. List the prime factors of u.
2, 5, 71
Let u = -37832 - -63691. What are the prime factors of u?
19, 1361
Suppose -28*o = -26425 - 7764 - 16379. What are the prime factors of o?
2, 3, 7, 43
Let i be 10258/6 - (-2)/6. Let z = 991 - 984. Suppose z*p - i = -506. What are the prime factors of p?
2, 43
Let a be -11*(-544 - (1 + (-4 - -6))). Suppose 17*v = -a + 16523. List the prime factors of v.
2, 3, 103
Let s = -723 - -536. Let g = s - -426. What are the prime factors of g?
239
Let g = -2125 - -4476. List the prime factors of g.
2351
Let w be (-15)/90 - 1898/(-12). Let q be (-10)/((2 - 1)*-2). Suppose -q*g + 142 = -w. What are the prime factors of g?
2, 3, 5
List the prime factors of (-2)/(-25) - ((-763292)/100 + 11).
2, 37, 103
Let i be 8 - 1/(4/44). List the prime factors of (-3516)/(-3 + -1) - (9 + i).
3, 97
What are the prime factors of (-10 - -9 - (-12)/8)*(-1992)/(-1)?
2, 3, 83
Suppose 631*s + 118338 = 653*s. List the prime factors of s.
3, 11, 163
Suppose 3*d - 116 = 6*d + 4*h, 138 = -4*d - 2*h. Let f be d/48 - (-11)/3. Suppose -3*v + f*t + 171 = 0, 4*t = -5*v + 107 + 169. What are the prime factors of v?
2, 7
Suppose -4*s = 0, 4*f = 2*s + 3488 + 144. Suppose f = -6*j + 3824. What are the prime factors of j?
2, 3
Let s(x) = -6*x**2 + 4*x - 6*x + 10 - x**3 + 0*x**3 + 10*x. Let j be s(-7). Suppose 1 - j = -m, 5*v = -m + 277. List the prime factors of v.
5, 11
Let b = 45260 + -30539. List the prime factors of b.
3, 7, 701
Let v(o) = o**2 + 13*o + 35. Let h(p) = -p**2 - p - 1. Let b(f) = -2*h(f) - v(f). Let k be b(13). List the prime factors of ((-2)/k)/((-1)/(-91)).
2, 13
Suppose 1875 = 2*j - 2233. What are the prime factors of j/(-65)*2*5/(-2)?
2, 79
Let i = 326 + -322. List the prime factors of (i/(-8))/(3/(-3546)).
3, 197
Let p = -625 + 13387. What are the prime factors of p?
2, 3, 709
Let l(x) = 264*x**2 - 5*x + 5. List the prime factors of l(8).
13, 1297
Let w(o) = 53*o - 175. Let r(v) = 36*v - 117. Let l(n) = -8*r(n) + 5*w(n). List the prime factors of l(-13).
2, 3, 5
Suppose -5*r = 5*j - 10, 10 = 3*r + 2*j + 3. Suppose -3*b - x + 1631 = 0, r*b + 4*x = b + 1094. Suppose -b + 11 = -4*p. What are the prime factors of p?
7, 19
Let g = 219 - 49. Suppose 0 = -3*j - 4*n - g, -2*j + 3*n + 114 = -4*j. List the prime factors of 99 + (-12)/j + (-50)/(-18).
2, 3, 17
Let v(r) = -r**2 - 49*r + 53. Let f(b) = b**2 - 10*b - 2. Let u be f(6). List the prime factors of v(u).
3, 7, 31
Let z(a) = 1928*a**3 - a**2 - 4*a - 3. Let n be z(-1). List the prime factors of -4 - n/(-24)*-3.
3, 79
Suppose -2*q + 22 = -3*x, 3*x = -4*q - 20 + 28. Suppose 0 = q*h - 0*j - 2*j - 1435, 5*h - 1435 = 5*j. List the prime factors of h.
7, 41
Suppose -26*g = 4*j - 27*g - 4608, 5*g = -3*j + 3479. List the prime factors of j.
1153
Let d(m) = 2*m + 35. Let s be d(8). Let b be (-569)/(-3) + (-34)/s. Let w = -7 + b. What are the prime factors of w?
2, 7, 13
Let j be 4/(-6)*(-1 + (-330)/12). Suppose -2*u - 67 = -3*u. Let z = j + u. List the prime factors of z.
2, 43
List the prime factors of 914685/34 + 12 + 13 - (-6)/(-4).
2, 13463
Let b(r) = -28*r + 4. Let t be b(-2). Suppose 326 = 7*i + t. Suppose -i = -m - 10. List the prime factors of m.
2, 7
List the prime factors of ((7330/8)/5 + 18/(-72))*96.
2, 3, 61
Let g be 363/(-2) + 12/8. Let k = g + 299. What are the prime factors of k?
7, 17
Suppose 2*q - 8 = 4*i, -4*q - 1 = -i - 38. Let r = 12 - q. Suppose -r*h + 40 = -144. List the prime factors of h.
2, 23
Let a(h) = 35*h**2 + 3*h + 2. Let m be a(-2). Suppose -651*c + 1645 = -644*c. Let r = c - m. List the prime factors of r.
3, 11
Let z = 23198 + -10047. List the prime factors of z.
13151
Suppose -18463 = -2*o + 5*p, 4*o + 19298 - 56269 = p. List the prime factors of o.
2, 2311
Let t be (2 + 14/(-6))*(-663)/13. Suppose 0 = -32*i + t*i + 2010. List the prime factors of i.
2, 67
What are the prime factors of ((-414)/(-621))/((-4)/(-32742))?
3, 17, 107
Let y(i) = -51*i**3 - i**2. Let l be y(1). Suppose 5*z - 4 = 2*q - 458, -z - 3*q - 101 = 0. Let r = l - z. List the prime factors of r.
2, 5
Let g(b) = -b**3 - 23*b**2 - 20*b + 46. Let c be g(-22). Suppose -x + 284 = -341. Suppose 3*k - 54 - x = -c*y, 5*y = 3*k - 644. What are the prime factors of k?
223
Let p = 33 + -16. Suppose -100 = -22*h + p*h. What are the prime factors of (-8)/h - (-814)/10?
3
Let v = 16 + -10. List the prime factors of 1/(-6) + 2959/v - 2.
491
Suppose 7 = i - 4*r - 6, -19 = 2*i + r. What are the prime factors of (-213)/(i/(-140)*-6)?
2, 5, 71
Let j(v) = -2*v + 47. Let u be j(22). Suppose -2*q - 7 = 2*n + u, -3*n - 4*q = 19. List the prime factors of n*(6/(-15))/(5/150).
2, 3
Suppose -3*u + 54 + 54 = 0. Suppose 3*w = -3*w - u. List the prime factors of ((-868)/w)/(-7)*-3.
2, 31
Let m be (0 - -42)/(670/(-135) + 5). Suppose -3*x + 5*o = -m, -4*o + o = 0. Suppose -3*p - v + x = v, v = p - 121. What are the prime factors of p?
2, 31
Let d be (-3)/(-4) + (-33)/44. Suppose 2*k + 5*v = 331, v + d*v - 3 = 0. What are the prime factors of k?
2, 79
Suppose -12*q = -40*q + 10*q + 84996. What are the prime factors of q?
2, 3, 787
Let y(q) = 14*q**2 - 11*q. Let w be y(-5). Suppose 8*f - w - 731 = 0. What are the prime factors of f?
2, 71
List the prime factors of (4 - -26)*((-24426)/(-30) + 3).
2, 3, 227
Let y = -34036 - -47714. List the prime factors of y.
2, 7, 977
Suppose -11*q - 223 = 712. List the prime factors of (-6)/51 + (-1710)/q.
2, 5
Let o(g) = g**2 + 14*g + 29. Let b be o(-12). Suppose -b*l + 6 = l. Suppose -146 = -h - 3*p, l = -4*p + 5. List the prime factors of h.
11, 13
Let b(d) = -43*d - 19. Let s be b(-6). Let g = s + -81. List the prime factors of g.
2, 79
Let r = 18831 + 19923. What are the prime factors of r?
2, 3, 2153
Suppose 3*r + 4 = 4*m, m + 4*m - 5 = r. What are the prime factors of (2 - -861)/m*(2 - 1)?
863
Suppose -p - 5*t - 3 = 0, -21*p = -20*p - 2*t - 4. Suppose p*l - 879 = 2461. List the prime factors of l.
2, 5, 167
Let x(m) = -9*m**2 - 6*m - 1. Let i be x(6). Let o(c) = 154*c**2 - 377*c - 755. Let g be o(-2). Let w = i + g. What are the prime factors of w?
2, 127
Let s(o) = 2457*o**2 - 755*o + 6. List the prime factors of s(4).
2, 18149
Suppose 4*s + 7 = -9. Let j(x) = x**2 - 10*x + 17. Let g be j(8). What are the prime factors of s + 8 + g + 3?
2
Let x(g) = g**2 + 10*g - 6. Let i be x(-11). Suppose -3*q - i*q + 2880 = 0. What are the prime factors of q?
2, 3, 5
Suppose 5*z + j + 15 - 41 = 0, 2*z + 3*j = 0. Suppose -7*q + 8 = -z. Suppose -4*y - u = q*u - 437, 5*y - 552 = 2*u. List the prime factors of y.
2, 5, 11
Suppose 2*f + 4929 = -2*g + 19489, 4*f - 29115 = g. List the prime factors of f.
29, 251
Let d = 70 - 50. Let c = d - 18. Let z(o) = 11*o - 2. What are the prime factors of z(c)?
2, 5
Suppose 0*g - 433840 = -44*g. What are the prime factors of g?
2, 5, 17, 29
Suppose 3*v + m = 60484, 696*v + 80627 = 700*v + 5*m. List the prime factors of v.
3, 11, 13, 47
Suppose 145*j = 160*j - 165885. List the prime factors of j.
11059
Let u(d) = -4*d**3 - 17*d**2 - 5*d + 8. Let p be u(-8). Let x = p + -642. List the prime factors of x.
2, 3, 61
What are the prime factors of (-1 - 2 - 7594)/(-1)?
71, 107
Suppose -5*p + 1374 = -506. Suppose s = z - p - 108, -3*z + 1451 = -4*s. Suppose -9*v + z = -4*v. List the prime factors of v.
97
List the prime factors of (-294)/(1141/(-70) + 16).
2, 5, 7
Let r(h) = -1755*h + 2960. List the prime factors of r(-23).
5, 1733
Let s(d) = -8339*d + 3828. What are the prime factors of s(-3)?
3, 5, 641
Let h = -6 + -34. Let d be (-2)/(-8) - 8790/h. Let x = d + -110. List the prime factors of x.
2, 5, 11
Let z = -9643 + 14478. What are the prime factors of z?
5, 967
Let h(f) = 6*f - 15. Let g be h(3). Suppose -g*t + 3283 = 4*t. List the prime factors of t.
7, 67
Let y(r) = r**2 - 7*r - 41. Let p = -80 + 181. Suppose 0 = -5*j + z + 100, -4*j + 3*z - 10 + p = 0. List the prime factors of y(j).
11, 17
Suppose 0 = 162*p - 165*p. Suppose 269 = -p*s + s - c, 3*s + 5*c = 791. What are the prime factors of s?
3, 89
Suppose -4*z - 60 = -9*z. Suppose -x - 2*x + z = 0. Suppose x*r 